 is -10101011010212 (base 3) in base 8?
-6660175
What is 10011001100100000 (base 2) in base 4?
103030200
-100010111101001011110 (base 2) to base 16
-117a5e
Convert 10110110011111000010 (base 2) to base 4.
2312133002
1321232330 (base 4) to base 8
1715674
Convert 19920b8 (base 13) to base 6.
500403544
-11111002000 (base 3) to base 13
-31236
Convert -6605320 (base 7) to base 9.
-1462177
What is 4130135 (base 6) in base 13?
6c386
-206b0 (base 16) to base 6
-2502424
Convert 2512550 (base 10) to base 7.
30233135
Convert 1241141433 (base 5) to base 15.
40922d
What is 254a1 (base 12) in base 8?
143171
Convert 2231302002 (base 5) to base 13.
10429c3
Convert -10011000100101101 (base 2) to base 8.
-230455
-121420 (base 12) to base 4
-1013130120
What is 3971903 (base 10) in base 14?
7556b5
What is -110001111111001 (base 2) in base 16?
-63f9
Convert 333300221 (base 5) to base 2.
101100101000100100001
Convert 74735 (base 8) to base 12.
16079
2332350 (base 8) to base 9
1168547
What is -220189 (base 10) in base 16?
-35c1d
Convert 2210202001 (base 3) to base 15.
11561
Convert -31103231302 (base 4) to base 11.
-1a73069
Convert -45a5134 (base 11) to base 7.
-125244000
Convert 11010111010010 (base 2) to base 7.
55112
2871603 (base 9) to base 4
12002111103
What is 110011201202 (base 3) in base 15?
4b015
a39152 (base 14) to base 4
111003101310
Convert 414110101 (base 5) to base 13.
479c01
198d842 (base 15) to base 8
107174031
-121030322 (base 5) to base 7
-4540443
What is -1033343 (base 6) in base 13?
-1a493
Convert 26087856 (base 9) to base 8.
60701112
Convert -1120112 (base 4) to base 10.
-5654
What is -499447 (base 10) in base 15?
-9ceb7
What is -22501305 (base 6) in base 8?
-2510251
-3e672c (base 16) to base 2
-1111100110011100101100
-1132040 (base 6) to base 2
-1110010110011000
What is -17997a (base 14) in base 11?
-51a08a
What is 200430042 (base 5) in base 16?
c23ff
4711366 (base 8) to base 15
1a5156
Convert 131322000 (base 4) to base 7.
1020063
Convert 5a24cb (base 13) to base 12.
8767a8
What is -15606 (base 15) in base 14?
-1b144
Convert -104303022 (base 5) to base 10.
-462887
Convert -1430212 (base 10) to base 3.
-2200122212211
What is -55021067 (base 8) in base 13?
-25a4464
What is 10572776 (base 8) in base 2?
1000101111010111111110
1111100000000111010 (base 2) to base 8
1740072
What is -205705 (base 10) in base 7?
-1514503
630dc (base 14) to base 12
b6322
What is -101010111101000101101 (base 2) in base 12?
-57a665
278bbc (base 16) to base 12
a4b990
What is -22122233 (base 4) in base 15?
-c99b
-110000011111011011 (base 2) to base 12
-96b37
Convert -6063102 (base 7) to base 6.
-23243420
What is 2226120 (base 8) in base 11?
380737
436415 (base 8) to base 14
3b669
What is -1100313 (base 7) in base 10?
-134613
What is -10201301003 (base 4) in base 2?
-100100001110001000011
-141053425 (base 6) to base 16
-2b89b9
What is -10011110100111001 (base 2) in base 6?
-1423545
Convert 267310 (base 13) to base 5.
214223401
Convert 258ab (base 16) to base 5.
14410041
212210202000 (base 3) to base 5
104443213
-11111101101001000110 (base 2) to base 16
-fda46
Convert -47384e (base 16) to base 13.
-c75622
What is -11212221002 (base 5) in base 16?
-c0852a
Convert -11001101111011100 (base 2) to base 10.
-105436
-b61a1 (base 12) to base 5
-30114404
What is -223303303 (base 5) in base 12?
-3bb423
-10a4b (base 15) to base 6
-1045042
3006508 (base 9) to base 11
9a2487
What is 25c24 (base 15) in base 10?
120859
44201 (base 16) to base 2
1000100001000000001
What is 22b9903 (base 12) in base 16?
6674d3
Convert 11222332130 (base 4) to base 8.
5527634
What is -187b5 (base 12) in base 15?
-a8a5
-1100100101010101101 (base 2) to base 3
-202221121121
2b9736 (base 15) to base 2
1000000010100011101010
-110111100100011111001 (base 2) to base 11
-10340a3
-22212211211122 (base 3) to base 14
-8ac622
What is -333410040 (base 5) in base 2?
-101100101111110011110
Convert 1223121 (base 6) to base 11.
45233
Convert 941f7 (base 16) to base 2.
10010100000111110111
Convert -11eb4a (base 16) to base 10.
-1174346
11876 (base 14) to base 3
2011202101
-998926 (base 10) to base 7
-11330215
Convert -100111101101100 (base 2) to base 8.
-47554
Convert 6135655 (base 9) to base 11.
1934a75
Convert -13022122 (base 5) to base 8.
-367111
-22416 (base 7) to base 13
-2793
2236706 (base 13) to base 6
1012545442
What is -3420017 (base 8) in base 12?
-387867
Convert 93710 (base 10) to base 7.
540131
Convert -155403 (base 8) to base 12.
-28543
-2041315 (base 7) to base 5
-30323104
-19b82 (base 12) to base 11
-26589
Convert -20642641 (base 9) to base 2.
-100101111100110100101001
Convert -97176 (base 10) to base 2.
-10111101110011000
Convert -cf8 (base 16) to base 5.
-101240
Convert -100100011111001010 (base 2) to base 16.
-247ca
Convert -1294471 (base 10) to base 16.
-13c087
-32042155 (base 6) to base 7
-10660022
What is -111100210121 (base 3) in base 6?
-5345411
What is -111051 (base 15) in base 5?
-202012301
Convert a193 (base 13) to base 3.
1010112102
Convert 1100101000011100 (base 2) to base 5.
3123430
1533877 (base 12) to base 3
22002101211001
What is 1010000011001100101101 (base 2) in base 8?
12031455
What is 15660404 (base 7) in base 8?
5646704
103213201 (base 4) to base 3
11002020001
-32563327 (base 9) to base 7
-250602013
Convert 40056631 (base 7) to base 10.
3308551
1718251 (base 10) to base 3
10020021222221
-110401000 (base 6) to base 9
-3663860
What is -32b58 (base 15) in base 12?
-7933b
Convert -1aa920 (base 12) to base 2.
-1110011111010101000
11100111000100110100 (base 2) to base 6
32141512
What is -1becd (base 16) in base 14?
-2d981
Convert 11212211020100 (base 3) to base 5.
1131012212
What is 113230033233 (base 4) in base 6?
341040303
What is -23424443 (base 5) in base 12?
-a5a4a
-230162 (base 11) to base 16
-59686
Convert 4d40b9 (base 15) to base 4.
32021211303
Convert -10001110001001011 (base 2) to base 11.
-4a753
Convert -175798 (base 10) to base 3.
-22221011001
Convert -1e2c7 (base 15) to base 5.
-11123022
What is -7337746 (base 9) in base 13?
-a745a9
What is 293720 (base 10) in base 5?
33344340
1652061 (base 7) to base 15
487a0
Convert -322320110 (base 4) to base 3.
-110020211022
Convert 26574 (base 16) to base 11.
a7a98
Convert 1112202002200 (base 3) to base 12.
3375b3
Convert 120020221220 (base 3) to base 9.
506856
41dfde (base 16) to base 9
8110013
-de05 (base 15) to base 5
-3001110
-209178 (base 13) to base 2
-10111010001100000011
Convert -1410430314 (base 5) to base 8.
-15607221
What is -12052a7 (base 12) in base 6?
-202505531
-9d52 (base 14) to base 7
-142432
-36a4e (base 15) to base 8
-524561
Convert -6531522 (base 7) to base 2.
-11000010110000101000
Convert -673339 (base 10) to base 8.
-2443073
-240454041 (base 6) to base 9
-8444687
Convert 457846 (base 16) to base 11.
262a626
What is -1301113223 (base 4) in base 7?
-3642554
What is -7666 (base 8) in base 11?
-3027
What is 101001120012112 (base 3) in base 14?
9d1d45
2934e (base 15) to base 6
2500502
Convert -1122231 (base 6) to base 16.
-e0cb
-109480 (base 13) to base 7
-3221260
What is -100000101111111110001 (base 2) in base 12?
-439041
Convert -5280426 (base 9) to base 2.
-1010110010011101101011
What is 3433034 (base 5) in base 13?
2209b
What is -2404650 (base 8) in base 5?
-132022312
What is 2214055 (base 6) in base 2?
11011000111010011
Convert 11a65 (base 11) to base 4.
10031211
-11022012212 (base 3) to base 9
-138185
Convert 132bb9 (base 13) to base 5.
104312011
-430536 (base 14) to base 8
-10514664
Convert -35564540 (base 7) to base 14.
-5c3320
66310 (base 10) to base 13
2424a
211112002201 (base 3) to base 12
194661
What is 3ba5347 (base 13) in base 10?
18861811
Convert -32112200 (base 5) to base 14.
-703c7
Convert -45211331 (base 6) to base 14.
-2794c7
Convert -34a41a (base 15) to base 13.
-6a0b58
Convert 11010000111111110 (base 2) to base 9.
172705
What is -10021022021120 (base 3) in base 8?
-6502634
Convert 12012222012 (base 3) to base 14.
29647
Convert -2116664 (base 7) to base 11.
-16601a
11011101110111101 (base 2) to base 12
558a5
111121220202 (base 3) to base 16
417b3
63551 (base 12) to base 8
376515
What is -111010011101100000 (base 2) in base 9?
-404422
3508910 (base 10) to base 6
203112542
What is 1001011010010010101010001 (